git of j(7)?
7
Let m = -11 - -9. What is the tens digit of m/2 - (-3 + -12)?
1
Let c(s) = -5*s + 4. Let r(f) = -f + 4. Let z be r(7). Let t be c(z). Suppose y - 2*b = -5*b + 19, -5*y + 4*b = -t. What is the units digit of y?
7
Suppose 3*y + 3*v - 54 = 0, -27 - 47 = -3*y + v. Suppose -2*w - 5*g + y = 0, 4*w = 2*w - 3*g + 17. What is the units digit of w?
4
Suppose -14*k + 12*k = 0. Suppose 20*a - 19*a - 27 = k. What is the tens digit of a?
2
Let n(x) = -2*x**2 - 2 + x**3 + 4*x**2 - 2*x**3 + 1. Let i be n(-1). Suppose -o - i = 4*p - 7, 4*o - 3*p = 39. What is the units digit of o?
9
Suppose -9 = -y + 3*g, 3*g + 2*g + 15 = 4*y. Suppose -3*q = 5*u + 4, y*q - 12 = -4*q + 2*u. What is the units digit of q?
2
Suppose 4*y = 3*l - 2, l = -4*y + 6*l + 2. Let p be ((-12)/16)/(y/8). Suppose -21 = -p*k + 15. What is the tens digit of k?
1
Let b be 2/4*-6 - 1. Let t = b + 8. What is the units digit of t?
4
Suppose 8*u = 101 + 715. What is the hundreds digit of u?
1
Let c be -11 + (1 - (0 - -3)). What is the units digit of (-2)/c + (-315)/(-65)?
5
What is the hundreds digit of 91/(-28)*(-79 + 3)?
2
Suppose 720 = 13*q - 5*q. What is the tens digit of q?
9
Suppose 2*r + 4 = -10. Let p = 24 + r. What is the tens digit of p?
1
Let q = -16 + 28. What is the tens digit of q?
1
What is the units digit of (-158 - -10)*2/(-4)?
4
What is the units digit of 4/28 - (-2264)/28?
1
Let h(k) be the second derivative of -2*k + 1/2*k**2 + 0 - 1/6*k**3. What is the units digit of h(-1)?
2
Suppose -76 = -r - 2*w, -2*w - 107 = -2*r + 3*w. What is the units digit of r?
6
Suppose 0 = 2*a - a - 93. Suppose -4*b + 12 = 0, -5*o - 3*b + 2*b = -a. What is the tens digit of o?
1
Let t(o) = -2*o - 4. Let v be t(-3). Suppose -2*z + 3*z = v. Let x = z - 1. What is the units digit of x?
1
Let o(v) = v**2 + 7*v - 14. Let x be o(-10). Let z = x + -1. What is the units digit of z?
5
Suppose 772 = -4*n + 8*n. What is the tens digit of n?
9
Let s(y) = 59*y**2 - 4*y - 9. What is the tens digit of s(-2)?
3
Suppose q = 2, -f + 4*q - 33 + 83 = 0. What is the units digit of f?
8
Let g(p) = -p + 11. What is the units digit of g(5)?
6
Let z = 7 - 13. What is the units digit of -2 - (z - 6/(-2))?
1
Let h be ((-361)/57)/((-2)/6). Let g = h + 23. What is the units digit of g?
2
Let o(s) = -s**3 + 11*s**2 - s + 12. Let r be o(11). What is the units digit of (-1 + 1)/r + 1?
1
Suppose 12*m - 580 = -52. What is the tens digit of m?
4
Suppose -3*z = 5*w - 458, -4*w + 462 - 1287 = -5*z. What is the units digit of z?
1
Let t(u) = -u**2 - 5*u + 2. Let x be t(-5). What is the units digit of ((-3)/(-2) - -2)*x?
7
Suppose 5*g + 3*x = 42, 0*g - 5*x = -2*g + 23. What is the units digit of g?
9
Let g be -1*5/(15/69). Let i = 10 - g. What is the units digit of i?
3
Let r(g) = g + 3. Let f be (-2)/(-4) + (-33)/(-6). What is the units digit of r(f)?
9
Suppose 10*s + 2947 = 17*s. What is the hundreds digit of s?
4
Let o be (-6)/(-6)*(-8)/(-2). Suppose 2*w + 3*h = 21, 0 = 4*w - o*h - h - 9. What is the units digit of w?
6
Suppose -k + 20 = 3*k - 4*g, 21 = k - 5*g. What is the units digit of ((-57)/(-6) + k)*2?
1
Let w(x) = x**2 + 5*x + 4. Let h be w(-5). Suppose 10 = h*g - 10. Suppose -5*m = -5*j + 45, 2*m - 7 = -4*j + g. What is the units digit of j?
5
Let l(t) = -t**2 - 6*t - 4. Let r be l(-4). Suppose -r*x + 3*i = 4, -4*x - 2*i - 12 = -3*i. Let m = -2 - x. What is the units digit of m?
2
Let m(n) be the second derivative of -n**5/20 + 2*n**4/3 + 2*n**3/3 - 6*n**2 + 5*n. What is the tens digit of m(8)?
2
Let y(m) = m**2 - 9. Suppose 2*w = 2*n + 10, -5*n + 6 = -2*n. Let c be y(w). Suppose z = -z + c. What is the units digit of z?
0
Let y(l) = 3*l + 8. Let a be y(6). Let i = a - 6. What is the units digit of i?
0
Let x = 258 + -93. What is the tens digit of x?
6
Let l = 10 + -16. Let r = 14 + l. Let h = r - 4. What is the units digit of h?
4
Let s = 3 - 3. Suppose -2*i + i = -30. Suppose s = 2*m + l - 14, 0 = -2*m - l - 4*l + i. What is the units digit of m?
5
Suppose 0 = -2*p - 3*p + 20. Suppose p = -4*s, t + 0*s - 19 = 3*s. What is the units digit of t?
6
Let b(d) = 4*d - 3. Let k be b(2). Suppose -3*s + 17 = 3*l + k, 0 = -5*s + l + 20. Suppose 0 = -2*x + s + 2. What is the units digit of x?
3
What is the units digit of ((-52)/6 + -1)*-3?
9
Let v(b) = -93*b - 31. What is the units digit of v(-4)?
1
Let j(h) = -2*h - h**3 + 1 + 4*h**2 - 1 + 3. What is the units digit of j(3)?
6
Let s be (-1)/(2/56*-2). Suppose -x + 31 = -0*x + 5*a, 2*x - 2*a = s. What is the tens digit of x?
1
Let r(o) = -o**3 - 9*o**2 - 8*o + 8. Suppose 5*n - 105 - 75 = 0. Suppose 18 = -4*z + 3*z - 5*l, 0 = 4*z + 2*l + n. What is the units digit of r(z)?
8
Suppose -4*z = -4, 0 = -6*q + q - z + 161. What is the tens digit of q?
3
Suppose 79 = -4*r - 41. Let o be (2/(-3))/(4/r). Suppose 0 = 4*v - z - 20, -z - 16 = -o*v - 2*z. What is the units digit of v?
4
Suppose -5*v + 0*o + 2*o = 21, -4*o + 6 = 2*v. Let n(g) = -15*g - 6. What is the tens digit of n(v)?
3
Let u(a) = 2*a**3 - 5*a**2 + 3*a - 3. Let p be u(3). Suppose -26 = -2*f - 2*c, -2*f + 4 = -4*c + 2. Let b = p - f. What is the units digit of b?
6
Let d be (1 - -2)*(3 + 0). Suppose -7*h + d*h = 54. What is the units digit of h?
7
Suppose -4*f + 16 = -4. Suppose f*x + 3*w - 4 = 21, x + w = 5. Suppose -y + 2*c + 0 + x = 0, 0 = -2*y - 5*c - 8. What is the units digit of y?
1
Suppose 2*p + 3*o = 50, 2*o + 68 = -4*p + 8*p. What is the tens digit of p?
1
Let p(m) = -m + 4. Let o be p(-3). Let t = 26 - o. What is the tens digit of t?
1
Let c(r) = r + 9. Let q(p) = 2*p + 8. Let s be q(-7). Let a be c(s). Suppose 36 = 3*j - a*h, -j - 22 = -2*j + 3*h. What is the units digit of j?
7
Let j be 3/(1/((-5)/(-3))). Suppose j*w = 2*b + 38, 4*b + 28 = 2*w - 0*w. Suppose -2*g + w = -g. What is the units digit of g?
6
Suppose -2*r = r - 15. Suppose 0*l - 56 = -3*o + 2*l, r*o + 4*l - 64 = 0. What is the tens digit of o?
1
Let y(w) = -w - 1. Suppose 2 = -z - 0. Let t be y(z). Let o = 7 - t. What is the units digit of o?
6
Suppose 0 = 2*h - 3*p - 275, -2*h = 4*p - 10 - 286. What is the units digit of h?
2
What is the hundreds digit of (-366)/4*(2 + -4)?
1
What is the units digit of (-1)/(1*(-2)/14)?
7
Let j(a) be the third derivative of 0*a + 0*a**4 - 2*a**2 + 1/120*a**6 - 1/6*a**3 + 1/20*a**5 + 0. What is the units digit of j(-2)?
3
Suppose -3*m + 123 = 30. What is the units digit of m?
1
Let o be 2/8 - (-15)/4. Suppose -8*i = -o*i - 52. Let v = 21 - i. What is the units digit of v?
8
Let w = -1 - -12. Let g = w + -10. What is the units digit of g?
1
What is the units digit of (-7)/((-7)/12)*(-138)/(-8)?
7
Suppose h = 2*h + 4. Let r be (h/(-10))/((-3)/(-15)). Suppose r*d + 2*d - 28 = 0. What is the units digit of d?
7
Suppose q - 40 = 124. What is the hundreds digit of q?
1
Let g(v) = v**3 + 2*v**2 - v. Let n be g(-2). Suppose -o + n = -10. What is the units digit of ((-8)/o)/((-4)/30)?
5
Let k = 94 + -56. What is the units digit of k?
8
What is the tens digit of 3/(-6)*(-33 - -1)?
1
Let u be 6 + (1 - (-2 - -2)). Let r be 4/14 + 19/u. Let v = 9 - r. What is the units digit of v?
6
Let y be (-766)/(-22) + (-4)/(-22). Suppose 5 = 5*o - y. What is the units digit of o?
8
Let i(u) = -u**3 + 4*u**2 + 5*u + 4. What is the tens digit of i(-2)?
1
Let m(q) = 0*q**2 + 16*q - 13*q + q**2 + 6. Let v be m(-4). Let r = v - -3. What is the units digit of r?
3
Let d(b) = -3*b - 9. Let w be d(-11). Suppose c + 2*c = w. What is the units digit of c?
8
Let j = 12 + 23. What is the tens digit of j?
3
Let y(v) = v**2 + 5*v + 25. What is the tens digit of y(-6)?
3
Let w = -54 + 89. What is the units digit of w/14 - (-1)/2?
3
Let w be (-144)/10*60/(-4). Let f be w/28 - 4/(-14). Suppose -f = x + x - 2*j, 3*j - 13 = 2*x. What is the units digit of x?
1
Suppose 5*h = 4*s + 45, s - 4*h + 3 = -22. Let z = s + 11. What is the units digit of z?
6
Let g(u) = 5*u**3 + 3*u**2 - 5*u + 2. What is the units digit of g(2)?
4
Let u be ((-4)/(-6))/(1/9). Let y = u - 3. What is the units digit of y?
3
Suppose 3*n = n + 62. What is the units digit of n?
1
Let n(c) = c**3 + c**2 + 11. Let k be n(0). Let q(t) = k - t + 12 - 3. What is the units digit of q(9)?
1
Let t(d) = -d**3 + 3*d**2 + 2*d - 3. Let i be t(3). Suppose 8*v - 5 = i*v. What is the units digit o